- v)?
8
Suppose -17*b + 150 = -14*b. What is the units digit of b?
0
Let g(s) = s**3 + 5*s**2 + 3*s - 8. Let f(d) = -2*d**3 - 5*d**2 - 2*d + 9. Let i(z) = 2*f(z) + 3*g(z). What is the units digit of i(4)?
0
Let d(s) = 3*s**2 - 2*s - 1. What is the tens digit of d(4)?
3
Suppose 4*j - 148 - 140 = 0. What is the units digit of j?
2
Let v(u) = u**2 - 4*u + 4. Let r be v(3). Let q = r + 3. Suppose -i - f = -16, -98 + 34 = -q*i + 5*f. What is the tens digit of i?
1
Let w(r) be the third derivative of 0 + 0*r + 4/3*r**3 + 7/24*r**4 + 1/60*r**5 - r**2. What is the units digit of w(-6)?
2
Let a = -23 + 25. Suppose 4*k - 3*w + 1 = 0, 3*w = -0*k + k + 7. Suppose -l = -i + 1, -2*i = -k*l - a*l. What is the units digit of l?
1
Let y(l) = -2 + 7*l - l**3 + 2*l**2 + 2*l**2 + 0*l**3. What is the units digit of y(5)?
8
Let c(r) be the second derivative of 3/4*r**4 + 4*r + 7*r**2 - 3/2*r**3 + 0 + 1/20*r**5. What is the units digit of c(-10)?
4
Let x(p) = -2*p - 1. Let b be x(4). Let y(n) = 3*n**2 - 8*n - 5. Let d(i) = 4*i**2 - 8*i - 6. Let v(f) = 4*d(f) - 5*y(f). What is the units digit of v(b)?
0
What is the units digit of 96*2/(12/2)?
2
Let i(k) = k**2 + 7*k + 4. Let v be i(-8). Let h = 5 - 10. Let c = h + v. What is the units digit of c?
7
Suppose 2*u = -u + 6. What is the tens digit of (-4)/u - (-3 + -21)?
2
Let r = -75 + 43. Let x = -19 - r. What is the units digit of x?
3
Let p be (0 - 1) + 67 + 2. Suppose p = 3*j + 20. What is the units digit of j?
6
Suppose 0 = 3*b + 22 + 38. Let r = 4 - b. What is the tens digit of 390/r + (-2)/8?
1
Let h(d) be the second derivative of -d**5/20 - 5*d**4/12 - 2*d**3/3 + 3*d**2/2 + 4*d. What is the units digit of h(-4)?
3
Let h = 55 + -29. What is the units digit of h?
6
Let v be 1/2*(11 - 1). Let i(t) = -3*t**2 - 8*t + 9. Let z(u) = -7*u**2 - 16*u + 19. Let n(m) = -9*i(m) + 4*z(m). What is the units digit of n(v)?
0
Let q = 147 + -28. What is the hundreds digit of q?
1
Suppose 6*a - 2*a - 36 = 0. Let i = a + 1. What is the units digit of i?
0
Let m be (-2)/(4/(-6) + 0). Let p(w) = 2*w + 0*w + m*w + 7 + w**3 - 7*w**2. What is the units digit of p(6)?
1
Let i = 135 - 9. What is the tens digit of i?
2
Suppose 3*o - 462 = -0*o. What is the hundreds digit of o?
1
Suppose -s = 2*x - 199, -3*s - 4*x = -538 - 55. What is the hundreds digit of s?
1
Suppose 5*f = -18 + 3. What is the units digit of 9 + 9/f + 3?
9
Suppose -113 = -6*w + 253. What is the tens digit of w?
6
Let p(f) = 14*f**3 - 1. What is the units digit of p(1)?
3
Suppose 0*u = 2*u - 100. What is the units digit of u?
0
Let i be (-26)/(3*6/(-9)). Let v = i + -5. What is the units digit of v?
8
Let n be (-8)/(-28) - 61/(-7). Suppose 3*q - n = 3. Suppose -3*p + 4*m + 34 = 2*m, -30 = -q*p - 5*m. What is the tens digit of p?
1
Suppose -5*j + 4*w + 949 = 0, 3*w - 250 = 3*j - 820. What is the units digit of j?
9
Suppose 0 = 2*p - 23 - 5. Suppose 0 = 5*j + 4*m - 4 + 2, 10 = -5*m. Suppose 0*f - p = -j*f. What is the units digit of f?
7
Let z = 14 + -10. Suppose b - 3*b - 4 = z*c, 2*c - 10 = -3*b. What is the units digit of b?
6
Let t = 6 + -14. Suppose -25 = -3*h + 53. Let n = t + h. What is the tens digit of n?
1
Let a be (-6 + 2)/(-4 - -3). Let z(q) = q - 1. What is the units digit of z(a)?
3
Let h(w) be the third derivative of -w**6/24 + w**4/12 + w**3/3 - 4*w**2. What is the units digit of h(-2)?
8
Suppose -4*i + 0*i + 504 = -4*a, 3*a = -5*i + 654. What is the tens digit of i?
2
Let c(q) = q + 95. Let n be c(0). Suppose 0 = 2*h - 7*h + n. What is the tens digit of h?
1
Suppose 4*k + 0*k - 52 = q, k - 26 = -3*q. What is the units digit of k?
4
Suppose -4*g = -3*g - 3. Suppose 0 = -g*m + 5 + 4. Suppose -4*u + 31 + 31 = 3*n, m*u = -n + 29. What is the tens digit of n?
1
Let o(d) = -d**3 - 4*d**2 + 2*d + 4. What is the tens digit of o(-5)?
1
Suppose 47 = 3*s - 0*s - 2*p, -3*s = 2*p - 43. Suppose b + 3 - s = 0. What is the units digit of b?
2
Suppose g + y - 240 = 0, 3*g - g = 2*y + 472. What is the hundreds digit of g?
2
Let u(n) be the third derivative of 2*n**2 + 0 + 0*n + 1/60*n**5 - 1/6*n**4 - 1/2*n**3. What is the units digit of u(-2)?
9
Suppose -g - 200 = -5*g. Suppose 0 = k + 3*o - 22, 3*k - 2*o = -17 + g. What is the units digit of k?
3
Suppose 4*i + 5 = 2*k - i, 5*k - 4*i - 4 = 0. Suppose -3*d + 24 + 9 = k. Let w = 27 - d. What is the units digit of w?
6
Let j be ((-4)/(-10))/(1/5). Suppose -j*y - 3*g = 2*g - 13, -3*y + 47 = 2*g. Suppose m + 2*o + 1 - y = 0, -m + 21 = 3*o. What is the units digit of m?
2
Suppose -u - 2*u = 18. Let a be ((-4)/(-6))/(4/18). What is the units digit of a*-1*8/u?
4
Let g be 2 + 2/(2/1). Suppose -p + 7 = 2*h + g*h, 4*p = 2*h - 16. What is the units digit of h?
2
Suppose q - 3 = 2*k - 7, 2*q + 4 = 3*k. Suppose b = 4*w - w - 58, 5*w - 108 = -k*b. What is the units digit of w?
0
What is the tens digit of (-2)/1*93/(-2)?
9
Let z(p) be the third derivative of -p**6/120 - p**5/10 + p**3/2 + 3*p**2. What is the units digit of z(-6)?
3
Suppose -5*y + 20 = 5*o, -3*y - 20 = -o - 4*o. Suppose y = 3*p - 2*p - 6. What is the units digit of p?
6
Let w be ((-64)/12)/((-4)/(-18)). Suppose 3*j + 4*l + 47 = 0, j + 11 + 11 = 5*l. Let p = j - w. What is the units digit of p?
7
Let m = 33 + -47. Let k be ((-2)/(-4))/((-1)/44). Let x = m - k. What is the units digit of x?
8
Let c(k) = -6*k + 1. Let q be -1*(1 - 2) - 5. What is the tens digit of c(q)?
2
Let o be (0 - (3 - 1)) + 4. Suppose -2*d = -2*n - 68, -o*n = 2*d - n - 83. What is the units digit of d?
9
Let x(z) = z**3 - 10*z**2 - 12*z + 6. Let a be x(11). Let g(p) = p**3 + 7*p**2 + 3*p + 3. What is the units digit of g(a)?
8
Let r(j) = j**2 - j. Let v be r(-10). Let u = v + -76. What is the units digit of u?
4
Suppose 3*u + 42 - 141 = 0. What is the units digit of u?
3
Suppose -5*h - 4*o = 8 + 10, 0 = 4*h + o + 10. Let v(c) = 4*c + 4. Let w(k) = -3*k - 5. Let j(r) = -4*v(r) - 3*w(r). What is the tens digit of j(h)?
1
Let t = 44 - 31. Let p = -1 + t. What is the units digit of 2/(-6) + 40/p?
3
What is the tens digit of 6/(1 + 1)*6?
1
Let x = -73 + 153. What is the units digit of x?
0
Let c(u) = -2*u + 21 + 4*u - 4*u. What is the tens digit of c(0)?
2
Suppose a - 3*o - 4 - 9 = 0, 2*o = 5*a - 26. Suppose 0 = -a*i - 20, s = 6*s - 5*i - 55. Let r = 12 - s. What is the units digit of r?
6
Let k(t) = -3*t - 16. What is the tens digit of k(-15)?
2
Let w = 106 + -66. What is the units digit of w?
0
Let a = 89 + -49. What is the units digit of a?
0
Suppose 5*q + 790 = 5*s - 0*s, -s - 2*q + 149 = 0. What is the tens digit of s?
5
Suppose -3*h - 32 = -c, 0 = c + 3*h + 2*h - 64. What is the tens digit of c?
4
Suppose -2*c - 410 = 3*c. What is the units digit of c/(-3) - 16/(-24)?
8
Suppose 1158 - 3030 = -13*k. What is the hundreds digit of k?
1
Let y(w) = 7 - 10*w + w**2 + 0*w**2 + 6. What is the units digit of y(9)?
4
Suppose 0 = -5*h - 3*n - 27, 4*h + 3*n + 16 + 5 = 0. What is the units digit of (-15)/h*6/5?
3
Let z = -3 - -7. Let u = z + -2. What is the units digit of u?
2
Let o(b) = -b**3 - 7*b**2 + 8*b + 2. Let n be (-39)/(-9) - 6/(-9). Suppose 24 = -3*t - n*p, 3*t + 40 = -2*t - p. What is the units digit of o(t)?
2
Let z(c) = -c**2 + 5*c - 5. Let w be z(4). Let o(b) = 40*b**2 - 3*b - 2. What is the units digit of o(w)?
1
Suppose -4*c + 0*c = 0. Suppose 5*s + 17 - 77 = c. What is the units digit of s?
2
What is the units digit of (6/4)/((-6)/(-28))?
7
Let p = 14 + -14. Let v(d) = d**2 - 5*d. Let t be v(4). What is the units digit of p - t - (-6)/(-3)?
2
Suppose 4*h + 5*w + 125 = 0, 62 = -2*h - w - w. Let z be (2/(-3))/(4/h). Suppose 2 = z*p - 43. What is the units digit of p?
9
Let p(q) be the third derivative of -7*q**4/24 - 7*q**3/6 + 6*q**2. What is the tens digit of p(-4)?
2
Suppose -5*a + 551 = -3*b, -3*a + 5*a - 228 = 5*b. What is the units digit of a?
9
Let j = 4 + -14. Let w = -5 - j. Let r(v) = -v**2 + 8*v - 5. What is the units digit of r(w)?
0
What is the tens digit of (-4)/18 + ((-8720)/(-36) - -1)?
4
Let n = -7 + 0. Let k(g) = -6*g - 8. What is the tens digit of k(n)?
3
Let l(v) = -v**3 - v**2 - 3*v + 3. What is the hundreds digit of l(-5)?
1
Suppose o - 3*m + 1 = -4, 5*o = 4*m + 19. Suppose 0 = -a + o - 0. What is the units digit of a?
7
Suppose 63 = 4*x - 0*u + u, -3*x - u = -48. What is the 